{"id":23410,"date":"2015-01-07T19:55:13","date_gmt":"2015-01-07T19:55:13","guid":{"rendered":"https:\/\/www.solargard.com\/esp\/?post_type=product&#038;p=23410"},"modified":"2023-04-19T13:11:07","modified_gmt":"2023-04-19T21:11:07","slug":"truevue","status":"publish","type":"product","link":"https:\/\/www.solargard.com\/es-la\/product\/truevue\/","title":{"rendered":"TrueVue&#x2122;"},"content":{"rendered":"<p>La pel\u00edcula para ventana Solar Gard TrueVue proporciona una claridad \u00f3ptima para inmejorables vistas exteriores de d\u00eda y de noche.<\/p>\n<p>TrueVue le ofrece:<\/p>\n<ul>\n<li>Protecci\u00f3n contra los da\u00f1inos rayos ultravioleta<\/li>\n<li>Rechaza hasta el 82% del total del calor solar para aumentar su comodidad<\/li>\n<li>Reduce tanto el costo del aire acondicionado como su huella de carbono<\/li>\n<li>Controla las zonas de calor y las zonas de temperatura irregular<\/li>\n<li>Reduce el reflejo hasta en un 94%<\/li>\n<li>Ayuda a incrementar la privacidad interior durante el d\u00eda<\/li>\n<\/ul>\n<p>TrueVue viene en cuatro tonalidades diferentes (5, 15, 30 y 40) que le <span>proporciona una variedad de aspecto visual y desempe\u00f1o solar con una garant\u00eda comercial de 10 a\u00f1os<\/span>.<\/p>\n","protected":false},"excerpt":{"rendered":"<p>La pel\u00edcula para ventana Solar Gard TrueVue proporciona una claridad \u00f3ptima para inmejorables vistas exteriores de d\u00eda y de noche. TrueVue le ofrece: Protecci\u00f3n contra los da\u00f1inos rayos ultravioleta Rechaza hasta el 82% del total del calor solar para aumentar su comodidad Reduce tanto el costo del aire acondicionado como su huella de carbono Controla &hellip; <a href=\"https:\/\/www.solargard.com\/es-la\/product\/truevue\/\">Continued<\/a><\/p>\n","protected":false},"featured_media":28340,"comment_status":"open","ping_status":"closed","template":"","meta":{"_acf_changed":false},"product_brand":[],"product_cat":[762,766,1271],"product_tag":[1476,1430,1491,1521],"class_list":{"0":"post-23410","1":"product","2":"type-product","3":"status-publish","4":"has-post-thumbnail","6":"product_cat-arquitectonico","7":"product_cat-control-solar","8":"product_cat-solar-gard-es-la","9":"product_tag-heat-es-la","10":"product_tag-home-es-la","11":"product_tag-privacy-es-la","12":"product_tag-reflective-es-la","14":"first","15":"instock","16":"shipping-taxable","17":"product-type-simple"},"acf":[],"_links":{"self":[{"href":"https:\/\/www.solargard.com\/es-la\/wp-json\/wp\/v2\/product\/23410","targetHints":{"allow":["GET"]}}],"collection":[{"href":"https:\/\/www.solargard.com\/es-la\/wp-json\/wp\/v2\/product"}],"about":[{"href":"https:\/\/www.solargard.com\/es-la\/wp-json\/wp\/v2\/types\/product"}],"replies":[{"embeddable":true,"href":"https:\/\/www.solargard.com\/es-la\/wp-json\/wp\/v2\/comments?post=23410"}],"wp:featuredmedia":[{"embeddable":true,"href":"https:\/\/www.solargard.com\/es-la\/wp-json\/wp\/v2\/media\/28340"}],"wp:attachment":[{"href":"https:\/\/www.solargard.com\/es-la\/wp-json\/wp\/v2\/media?parent=23410"}],"wp:term":[{"taxonomy":"product_brand","embeddable":true,"href":"https:\/\/www.solargard.com\/es-la\/wp-json\/wp\/v2\/product_brand?post=23410"},{"taxonomy":"product_cat","embeddable":true,"href":"https:\/\/www.solargard.com\/es-la\/wp-json\/wp\/v2\/product_cat?post=23410"},{"taxonomy":"product_tag","embeddable":true,"href":"https:\/\/www.solargard.com\/es-la\/wp-json\/wp\/v2\/product_tag?post=23410"}],"curies":[{"name":"wp","href":"https:\/\/api.w.org\/{rel}","templated":true}]}}

<p>La película para ventana Solar Gard TrueVue proporciona una claridad óptima para inmejorables vistas exteriores de día y de noche.</p>
<p>TrueVue le ofrece:</p>
<ul>
<li>Protección contra los dañinos rayos ultravioleta</li>
<li>Rechaza hasta el 82% del total del calor solar para aumentar su comodidad</li>
<li>Reduce tanto el costo del aire acondicionado como su huella de carbono</li>
<li>Controla las zonas de calor y las zonas de temperatura irregular</li>
<li>Reduce el reflejo hasta en un 94%</li>
<li>Ayuda a incrementar la privacidad interior durante el día</li>
</ul>
<p>TrueVue viene en cuatro tonalidades diferentes (5, 15, 30 y 40) que le <span>proporciona una variedad de aspecto visual y desempeño solar con una garantía comercial de 10 años</span>.</p>

<p>La película para ventana Solar Gard TrueVue proporciona una claridad óptima para inmejorables vistas exteriores de día y de noche. TrueVue le ofrece: Protección contra los dañinos rayos ultravioleta Rechaza hasta el 82% del total del calor solar para aumentar su comodidad Reduce tanto el costo del aire acondicionado como su huella de carbono Controla &hellip; <a href="https://www.solargard.com/es-la/product/truevue/">Continued</a></p>
